263, -3*s + 80 = -2*w + 28. What is b(w)?
11
Let q be (-2)/((-6)/(-49)) + (-6)/9. Let k be q + 0/(-6) + 8. Let i(x) = x**2 + 6*x - 11. What is i(k)?
16
Let b(n) = n**2 - 57*n + 112. Let y be b(55). Let p(j) = -29*j + j**2 + 37 + 18*j + 12*j - 2*j**y. Calculate p(0).
37
Suppose -2*i + r + 1 = -10, 5*i - 5 = -2*r. Let n(u) = -12 - 5*u**2 + 3473*u**3 + 4 - 3472*u**i. What is n(6)?
28
Let h(o) be the second derivative of -o**6/120 - 7*o**5/60 + o**4/3 - 3*o**3/2 - 78*o**2 + 43*o. Let t(m) be the first derivative of h(m). Calculate t(-8).
-9
Let d(g) = -g**2 - g + 8. Let p be d(0). Let y(o) = -4572 - o**2 + 1629 + 4*o + 1627 + 1320. What is y(p)?
-28
Let n be 2/9 - (-50)/18. Suppose 11*g - 31*g + 3840 = 0. Let a(p) = -p**2 + 63*p + 64*p - 2 - g*p + 67*p. What is a(n)?
-5
Let m = 916 + -911. Let x = 2 + 0. Let y be ((-4)/4 + x)*m. Let s(a) = -2*a + 6. What is s(y)?
-4
Let i(h) = -2*h**3 - 36*h**2 + 29*h + 26. Let z be i(-19). Let u = z + -196. Let f(y) = -14*y**3 - y + 1. Give f(u).
-14
Let w(j) = -44*j - 3 + 6*j + 3 + j + 7. Let a(t) = -21*t + 4. Let q(b) = 11*a(b) - 6*w(b). What is q(1)?
-7
Let r(z) = -4. Let u(k) = -k. Let l(d) = r(d) - 3*u(d). Let a be 0 + -11 + -14 + 20. What is l(a)?
-19
Let o(x) be the first derivative of -x**4/2 + 11*x**3/3 - 2*x**2 - 4*x - 6182. What is o(4)?
28
Let q = 7959 - 7957. Let g(h) = -2*h**2 + 2*h - 1. Calculate g(q).
-5
Let a(d) be the third derivative of d**7/840 - d**6/90 - 7*d**4/24 + 65*d**3/2 - 162*d**2. Let y(p) be the first derivative of a(p). Determine y(5).
18
Let k(s) be the third derivative of s**6/120 + 7*s**5/60 + 7*s**4/24 + 5*s**3/6 - 269*s**2 + 11*s + 2. Let d be (4/6)/(1/(-9)). Calculate k(d).
-1
Let c(h) = 5*h**3 - 9*h**2 - 5*h - 11. Let y(j) = 4*j**3 - 7*j**2 - 4*j - 8. Let g(u) = -10*c(u) + 13*y(u). Calculate g(0).
6
Let h(p) = 0*p + 336*p**2 - 7*p + 339*p**2 - 674*p**2 + 0*p - 1. What is h(3)?
-13
Let g(o) be the third derivative of 7/3*o**3 + 0*o**4 + 60*o**2 - 1/120*o**6 + 11/60*o**5 + 0 + 0*o. Calculate g(11).
14
Let y(k) = -10*k + 23*k - 56 - 9*k + 6 + 6. Determine y(9).
-8
Let a(b) be the first derivative of -b**3/3 - 9*b**2/2 + 16*b - 4. Let i(t) = -t**3 + 19*t**2 - 61*t + 4. Let j be i(15). Determine a(j).
-6
Let o be 6 + 2 + (2 - 11). Suppose f = -4, -2*f - 26 = -2*s - 0. Let l(y) = -s*y + 15*y + y + 1. Determine l(o).
-6
Let g(q) be the second derivative of -q**5/20 - 5*q**4/12 + 7*q**3/6 + q**2/2 - 923*q. Determine g(-6).
-5
Suppose 3095 = -10*z + 3025. Let s(u) = 2*u**2 + 18*u + 24. Determine s(z).
-4
Let q = 41/1005 + -1/134. Let d(y) be the third derivative of -1/2*y**3 + 1/120*y**6 + q*y**5 + 0 + 0*y - 1/8*y**4 - 4*y**2. Determine d(-3).
-3
Let j(i) = -6*i**3 + 26*i**2 + 60*i - 61. Let w(p) = -19*p**3 + 80*p**2 + 184*p - 182. Let s(u) = -16*j(u) + 5*w(u). Give s(18).
-6
Let q(p) = p**2 + 12*p + 5. Let o(a) = 2*a**2 + 12*a + 6. Let b(k) = -4*o(k) + 5*q(k). Let l(m) = -2*m**2 + 6*m. Let s(c) = -3*b(c) + 5*l(c). Determine s(-6).
-3
Let x(t) = -5*t - 157. Let b be x(-32). Suppose -b*h = 18 + 21. Let m(d) = d**3 + 12*d**2 - 14*d - 18. Determine m(h).
-5
Let k(h) = -h**2 + 56 + 117*h - 120*h - 66. Calculate k(-2).
-8
Let f = 5354 - 5352. Let m be -3*((-1)/3 - 1). Let a(b) = -m*b**f - 9*b - b**2 - 5 + b**2 + 3*b**2. What is a(-7)?
9
Let w(b) be the second derivative of -b**3/6 - 3*b**2/2 + 6*b. Let f be 3/6*0*(-91)/(-182). Calculate w(f).
-3
Let n(f) = 2*f - 4. Let h(m) = m**2 - 2*m + 1. Let g be h(3). Let l be n(g). Let o(v) = -2989039*v - 2 - 1 + 3 + 2989038*v. Give o(l).
-4
Let m(o) = o - 40. Suppose -32*c - 10*c = -1178 - 166. Determine m(c).
-8
Let v(n) = -n**2 + 8*n - 5. Let z = 420 + -412. Calculate v(z).
-5
Let j(r) = -r - 9478*r**2 + 4807*r**2 + 1 + 4666*r**2. Suppose 5*d + 2*f = -f + 61, 4*f = -12. Let i be 12/(-42) + 18/d. Give j(i).
-5
Let t(i) = -11*i + 3. Let p = -101 + 113. Suppose 16*w - 4*a - p = 20*w, 0 = -4*a - 8. Determine t(w).
14
Let i(q) be the second derivative of q**4/12 + 7*q**3/3 - 15*q**2 + 2*q - 332. What is i(-16)?
2
Let g(n) = n**2 - 5*n + 1. Let d(q) = 3*q + 6*q + 4 + 3*q**2 - 10*q - 4*q. Let r be d(1). Give g(r).
-5
Let v(c) = 7*c**3 - c**2 - 2*c + 123. Let j(m) = -15*m**3 + 2*m**2 + 4*m - 251. Let i(g) = 6*j(g) + 13*v(g). Calculate i(0).
93
Let l(y) = -19 - 3*y**2 - 11*y**2 + 2*y**2 + 7*y + 6*y**2 + 5*y**2 + 2*y**2. Let x = 5 - 14. Calculate l(x).
-1
Suppose 5*k = -4*v + 15, -4*v - k - 12 = -5*k. Let q(b) = 16 - 7*b**2 - b**3 + v*b**2 + 6*b + 2*b**3 - 9. Give q(6).
7
Let y(z) = -13*z + 6*z + 2 + 3 + 5*z. Let f be (-1)/(-7) - (-22)/(-77)*-10. Determine y(f).
-1
Suppose -y - o + 3 = -2*y, 2*y + 4*o = -12. Let l be 1 + (-3)/(-1 + -2). Let z(b) = -b - 4*b + 4 + b**l - 9 + 2*b. What is z(y)?
23
Let o(j) = j**3 - 6*j**2 - 2*j + 5. Let g be o(6). Let b(h) be the first derivative of h**3/3 + 9*h**2/2 + 10*h - 228. What is b(g)?
-4
Let r(y) be the second derivative of -y**5/20 - y**4/2 + y**3/3 - 9*y**2/2 - 42*y - 3. Determine r(-6).
-21
Let h(l) = 16*l - 8*l + 29 + 2*l + 5. Give h(-2).
14
Suppose -14*n + 16*n = -4*f + 52, f - 13 = -n. Let j(y) = 17*y - 1 - 27*y + f*y + 5. Calculate j(3).
13
Let p(s) be the first derivative of s**7/840 - s**6/180 - s**5/30 + s**4/12 + 2*s**3/3 + 2. Let x(u) be the third derivative of p(u). What is x(3)?
-1
Let u(y) = y**3 - 9*y**2 - 5*y + 1. Suppose 0 = -v + 4 + 5. Give u(v).
-44
Let t(g) = -12*g + 2. Let k(u) = 11*u - 1. Let q(f) = 4*k(f) + 3*t(f). Suppose -1388 + 1444 = -5*x - 3*l, 0 = -2*x + 2*l + 16. Calculate q(x).
-30
Let g(a) = -21*a**2 - 12*a - 11. Let s(r) = -16*r**2 - 12*r - 12. Let d(l) = 3*g(l) - 4*s(l). Give d(-12).
15
Suppose 4*g = -g - 5. Let i(k) be the first derivative of 9*k**4/2 - 2*k**3/3 - k**2 - k + 6057. What is i(g)?
-19
Let f(h) = -h**2 - 2*h + 1. Let l = -22 - -24. Let z be (4/(-6))/(l/(-12)). Suppose 0 = 4*y - r + 9, r + 3 + 4 = -z*y. Calculate f(y).
1
Suppose -60 = 5*m - y + 11, -3*m - 45 = -3*y. Let r(q) = q**2 + 16*q + 16. Calculate r(m).
-12
Let p(j) = -3*j - 22. Let n(g) be the second derivative of -g**3/6 - 9*g**2/2 + 12*g. Let h(y) = 5*n(y) - 2*p(y). Give h(7).
6
Let s(r) = 6*r - r**2 + 26 + 13 - 38 + 7 - 4. Determine s(-5).
-51
Let s(z) be the second derivative of -z**5/10 + z**4/6 - 13*z**3/6 + 14*z**2 + 402*z. Give s(2).
-6
Suppose -5*c + 68 = 2*v, 0 = 284*c - 280*c - 5*v - 94. Let q(k) = -k**3 + 15*k**2 + 18*k + 8. Give q(c).
40
Let g(q) = -2*q + 5. Let w(i) = -16*i + 41. Let x(h) = 51*g(h) - 6*w(h). Suppose 24*k - 2611 = -2539. Calculate x(k).
-9
Let b(f) = 2*f**2 + 7*f - 107. Let u(n) = -n**3 - 7*n**2 - 7*n - 43. Let w be u(-7). Determine b(w).
7
Let l(a) = a**3 + 9 + 6*a**2 - 2*a**3 + 3 - 10 - 4*a. Let p be l(5). Let c(r) = -3*r - 5 - r**2 + p*r - 13*r. Give c(-6).
13
Let o(d) = 4676 - 1604 - 18*d - 1691 - 7*d - 1552. Give o(-7).
4
Let q(u) = 4*u**3 + 31*u**2 + 28*u - 9. Let z(x) = -6*x**3 - 60*x**2 - 51*x + 17. Let b(o) = -5*q(o) - 3*z(o). Calculate b(13).
-6
Let h(o) = o - 1. Let m(t) = 3*t. Let f(c) = -2*h(c) + 2*m(c). Suppose 11*d = 15*d - 5*s - 13, -4*d + 3 = -3*s. Give f(d).
-10
Let t(w) = -5*w - 11. Let l(s) = -2*s + 3. Let v(j) = 3*j - 4. Let y(k) = -5*l(k) - 4*v(k). Let n(f) = -t(f) + 2*y(f). Give n(0).
13
Let z(f) be the first derivative of -f**3/3 - 3*f**2/2 - 9*f + 58. Let c = -6 - 1. Determine z(c).
-37
Let p(k) = k**3 - 12*k**2 - 86*k + 6. Let d be p(17). Let s(c) = -13*c - 147. Let v be s(d). Let y(g) = -g**3 + 7*g + 5. What is y(v)?
41
Suppose -238 + 1718 = -185*r. Let q(h) = -h**2 + h + 19. Determine q(r).
-53
Let g(k) = 96*k + 840. Let j(x) = 63*x + 558. Let w(q) = 5*g(q) - 8*j(q). Determine w(-11).
0
Let l(w) = -28 + 20*w**2 + 29 + 12*w**2 + 21*w**2 - 51*w**2. What is l(3)?
19
Let w be 34/10 + (-2686)/790. Let k(m) be the third derivative of -1/6*m**3 + 1/12*m**4 + 24*m**2 + 0*m + 4/15*m**5 + w. Give k(1).
17
Let m be -12 + 96/112 + 50/7. Let t(c) = 26*c + 93. Calculate t(m).
-11
Suppose 2*h + 2*h = -4*p - 396, -2*h = p + 96. Let m = p + 101. Let o(c) = 39*c - 5. Let d(n) = -10*n + 1. Let z(a) = -9*d(a) - 2*o(a). What is z(m)?
-11
Let y be ((-58)/(-18) - 3)*630/(154/11). Let m(c) = 2*c**2 - 19*c - 17. Let a(x) = -x**2 + 10*x + 8. Let g(u) = 5*a(u) + 2*m(u). Give g(y).
26
Suppose 49*a = 41*a + 88. Let v(q) = 5*q**2 - 2*q. Let n(y) = y**2 - 2*y - 1. Let i(u) = 6*n(u